001110?
-1201022122
In base 3, what is -1122 + 12221111210012?
12221111201120
In base 7, what is 233043552 - 2?
233043550
In base 4, what is -1 - -3311020031002?
3311020031001
In base 16, what is 2 + -511dcb5?
-511dcb3
In base 6, what is 12325 + -221232?
-204503
In base 5, what is -20113222 + -14?
-20113241
In base 14, what is 4 - 776249a?
-7762496
In base 13, what is 0 + 1c1b91b?
1c1b91b
In base 2, what is -110 + 100001101111011000110?
100001101111011000000
In base 11, what is -4119 - 1a774?
-23892
In base 15, what is -5 + -8c94564?
-8c94569
In base 11, what is -1a876283 - -3?
-1a876280
In base 3, what is -101110021011 + -222011?
-101111020022
In base 11, what is 7 - -8397a0a?
8397a16
In base 8, what is 10623251 + -6?
10623243
In base 7, what is -40233 - -1530?
-35403
In base 3, what is -2212111220 + -2212?
-2212121202
In base 5, what is -1112121131341 - -10?
-1112121131331
In base 3, what is 0 + 1002011121212120?
1002011121212120
In base 5, what is 13 - -33022121?
33022134
In base 8, what is 13076512 + 43?
13076555
In base 10, what is -17818 + -2323?
-20141
In base 2, what is -10 + -100000110111000001101100?
-100000110111000001101110
In base 13, what is -1a + 259011b?
2590101
In base 3, what is -11 - -2011221102220?
2011221102202
In base 12, what is 143a - -4581?
59bb
In base 2, what is 111010100110000111 + 101110?
111010100110110101
In base 10, what is -83100 + -2019?
-85119
In base 15, what is -37ba - -1d4?
-35d6
In base 4, what is -113 + -3330102?
-3330221
In base 16, what is 35 + -1064?
-102f
In base 4, what is 322100 + 1133301?
2122001
In base 15, what is -1 - d36072?
-d36073
In base 7, what is -1160 + 1514066?
1512606
In base 5, what is -4 + 133024121?
133024112
In base 6, what is -224453315 + -2?
-224453321
In base 14, what is 28add6c + 5?
28add73
In base 13, what is 149a59 + 2b?
149a87
In base 3, what is -2 - 11101121102202010?
-11101121102202012
In base 12, what is 1a6 + -2943?
-2759
In base 8, what is 147563 - 1043?
146520
In base 4, what is -133110320 + -332?
-133111312
In base 14, what is -2b029da3 + 5?
-2b029d9c
In base 2, what is -101101101101100010111010 + 0?
-101101101101100010111010
In base 7, what is -156 + -56434335?
-56434524
In base 4, what is -302113130 + 1212?
-302111312
In base 5, what is -3442033212 + 1?
-3442033211
In base 12, what is 14000 + -1237?
12985
In base 3, what is -211121220210 + 20212?
-211121122221
In base 14, what is 61 + -c58bc?
-c585b
In base 5, what is 340310401234 + 1?
340310401240
In base 14, what is -95d - -16d64?
16405
In base 5, what is -3032312 - -20301?
-3012011
In base 15, what is 11d4b + 31?
11d7c
In base 8, what is -1127741426 - 4?
-1127741432
In base 5, what is 0 - 11033204223?
-11033204223
In base 5, what is 2001313 + -111401?
1334412
In base 8, what is 1416 - -124670?
126306
In base 8, what is -5155431 + 2?
-5155427
In base 13, what is -bc17 + -1036?
-cc50
In base 11, what is 121 - -3463917?
3463a38
In base 2, what is -101 + -111001000100110111011001?
-111001000100110111011110
In base 13, what is -2a + 212017?
211cba
In base 15, what is -15284d4 - 32?
-1528516
In base 15, what is 2463a + 14b?
24786
In base 5, what is -11103 + -332420044?
-332431202
In base 5, what is -2 + 302210433222?
302210433220
In base 16, what is -3 + -541556?
-541559
In base 6, what is -2002455445 - -5?
-2002455440
In base 5, what is 2 + 10213110410?
10213110412
In base 6, what is -221 + -124030?
-124251
In base 10, what is -7707 - -2182?
-5525
In base 12, what is -4500 + -11546?
-15a46
In base 2, what is -1000100 - -1101010110100?
1101001110000
In base 2, what is -101 - 1101100000001111010111?
-1101100000001111011100
In base 4, what is 11223113200 + -1030?
11223112110
In base 13, what is c32b8 + 5c5?
c38b0
In base 11, what is 14319825 - -1?
14319826
In base 10, what is 168 + 255?
423
In base 4, what is 1010 + 100213202?
100220212
In base 9, what is 78 - 246355?
-246266
In base 5, what is 4 + -1130102111?
-1130102102
In base 8, what is -1243 + 776765?
775522
In base 4, what is 11120321201323 + -1?
11120321201322
In base 15, what is -67d76 + 3?
-67d73
In base 15, what is 411b8 + 18d?
41356
In base 8, what is 1350107 - 10?
1350077
In base 4, what is -33323312110 - -112?
-33323311332
In base 12, what is 1462394 + -13?
1462381
In base 14, what is -54bab + 2d?
-54b7c
In base 7, what is 13656614 - -55?
13660002
In base 9, what is -35420 + 202?
-35217
In base 2, what is -1 + -100100001101011011110110011?
-100100001101011011110110100
In base 7, what is -24455 - -313136?
255351
In base 6, what is -3044 + -10320210?
-10323254
In base 16, what is 70e4d + 19?
70e66
In base 14, what is -259480 - 19?
-259499
In base 6, what is -4 + 125234125?
125234121
In base 7, what is -21 - -65556431?
65556410
In base 8, what is -334460 + -57?
-334537
In base 8, what is -2 + -135140243?
-135140245
In base 4, what is -10232332 - 10113?
-10303111
In base 3, what is -11120020202021200 - -2?
-11120020202021121
In base 9, what is 827528 + 84?
827623
In base 5, what is 44 - -10013413224?
10013413323
In base 6, what is -22320 + 312531?
250211
In base 3, what is -11 - 12221210110?
-12221210121
In base 5, what is 120 - 44421102?
-44420432
In base 2, what is -101101111000100010111000 - -1?
-101101111000100010110111
In base 5, what is -12234040404 - 2?
-12234040411
In base 9, what is -6833405 + 3?
-6833402
In base 14, what is -5 - 287927d9?
-28792800
In base 7, what is -5 + -205004144?
-205004152
In base 3, what is -202220020112112 + 2?
-202220020112110
In base 2, what is 1010010001001011101010110 + 1001?
1010010001001011101011111
In base 3, what is -22020022220 + -21112?
-22020121102
In base 3, what is -1021 - 212022000221112?
-212022000222210
In base 16, what is 13817689 + 0?
13817689
In base 15, what is -6e0 + 317e?
298e
In base 15, what is 161 - -9bad?
9d1e
In base 10, what is 41 + -6634090?
-6634049
In base 7, what is -1 + -21160525?
-21160526
In base 8, what is 1530071 + -2?
1530067
In base 4, what is 1 + 13013000310120?
13013000310121
In base 4, what is 120023 - 11111011?
-10330322
In base 6, what is 5 - -41042105013?
41042105022
In base 2, what is 10111101010011111 - -1100100?
10111101100000011
In base 14, what is -21 + -1b4579?
-1b459a
In base 9, what is 27322 + -1737?
25474
In base 3, what is -10 + -102210212102012?
-102210212102022
In base 7, what is 415632454 - 25?
415632426
In base 11, what is -214933233 - 3?
-214933236
In base 15, what is -1 + 9d99e5?
9d99e4
In base 3, what is -1022020 - 222221200?
-1001020220
In base 12, what is 11525 - 170?
11375
In base 8, what is -4 + -11174120?
-11174124
In base 7, what is 244313 + -313?
244000
In base 11, what is 0 + -39675465?
-39675465
In base 8, what is 2 - -703175?
703177
In base 13, what is -212 - -ab42?
a930
In base 3, what is 2222212202201001002 + -12?
2222212202201000220
In base 9, what is 40 - 265557?
-265517
In base 9, what is 7823384 - -38?
7823433
In base 8, what is 0 + -45307416?
-45307416
In base 4, what is 3 + -2131233131320?
-2131233131311
In base 15, what is 8a02c - 58?
89ec4
In base 9, what is -47 - -7274747?
7274700
In base 6, what is -421550 + -2?
-421552
In base 6, what is -15 - -30025010?
30024551
In base 15, what is -6c00 + -89c?
-759c
In base 4, what is -102023202103 + 3?
-102023202100
In base 4, what is -311001322 - 22223?
-311030211
In base 10, what is 7 + 109059272?
109059279
In base 11, what is -1222 - 8728?
-994a
In base 11, what is -4 + -1954499?
-19544a2
In base 6, what is -5 - -142054123?
142054114
In base 4, what is 21131 - 1220130220?
-1220103023
In base 9, what is -131735 - -460?
-131265
In base 12, what is 4944a - 40?
4940a
In base 15, what is 1 + -512641?
-512640
In base 2, what is -1010 + -10111001010110111010111010?
-10111001010110111011000100
In base 16, what is -b523997 - 5?
-b52399c
In base 5, what is 322 + -3230104?
-3224232
In base 5, what is 1430403422 + 2?
1430403424
In base 11, what is -3 - 51a6aa3?
-51a6aa6
In base 3, what is 2100 + 1000200021?
1000202121
In base 3, what is -201222011100221 - 200?
-201222011101121
In base 4, what is 12 - -11303300?
11303312
In base 2, what is -101 - -100100110100001100000110110?
100100110100001100000110001
In base 14, what is -45289c - -13?
-452889
In base 15, what is -3d096b57 - 2?
-3d096b59
In base 11, what is -2